= -176161*v + 12859755. Calculate j(73).
2
Let f(m) = -2*m**3 + 182*m**2 + 45*m - 4098. Give f(91).
-3
Let v(q) = -6999*q - 13419. What is v(-2)?
579
Let y(p) = p**3 - 40*p**2 + 71*p - 3519. What is y(41)?
1073
Let t(c) = 11*c**3 + 44*c**2 - 834*c - 66. Give t(7).
25
Let a(b) = -b**2 + 21*b + 3654. What is a(-50)?
104
Let k(r) = -r**3 + 48*r**2 - 149*r - 267. Determine k(45).
-897
Let m(i) = -78*i**3 - 31*i**2 + 92*i + 32. Determine m(4).
-5088
Let n(w) = -19*w**3 + 5*w**2 + 32*w + 40. Calculate n(4).
-968
Let w(u) = -2*u**2 + 69*u - 530. Determine w(20).
50
Let d(x) = 8*x**3 + 9*x**2 + 46*x + 656. What is d(-9)?
-4861
Let l(r) = -60*r**2 + 2089*r + 98. Give l(35).
-287
Let c(i) = -11*i**2 - 444*i - 4489. Give c(-21).
-16
Let i(c) = -515*c + 91674. What is i(178)?
4
Let k(c) = -2*c**3 - 55*c**2 - 12*c - 488. Give k(-28).
632
Let q(f) = -f**3 + 2*f**2 + 1183*f - 4762. What is q(4)?
-62
Let m(b) = 5047*b - 20037. Calculate m(4).
151
Let y(x) = -460*x + 1176. What is y(2)?
256
Let t(c) = 11013*c + 16673679. Give t(-1514).
-3
Let r(h) = -421*h**3 + 2*h**2 - 3451*h - 3452. What is r(-1)?
422
Let c(j) = -641*j - 122675. Calculate c(-191).
-244
Let i(j) = j**2 - 20*j - 83. Determine i(23).
-14
Let w(n) = -n**3 - 212*n**2 + 2041*n + 254226. Calculate w(-216).
-6
Let y(s) = -812*s - 50277. Give y(-63).
879
Let u(l) = 15977*l + 623077. Calculate u(-39).
-26
Let m(b) = b**2 - 172305*b + 689198. What is m(4)?
-6
Let a(j) = -j**3 + 15*j**2 + 163*j - 912. Give a(21).
-135
Let m(h) = h**3 - 6*h**2 - 922*h - 3683. What is m(-25)?
-8
Let j(g) = 42*g - 1218. Give j(31).
84
Let q(z) = z**2 - 402*z - 16614. What is q(-38)?
106
Let y(h) = 6*h**3 + 797*h**2 - 130*h + 464. Determine y(-133).
65
Let q(t) = -t**3 - 10*t**2 + 9*t + 19. Give q(-11).
41
Let k(a) = 14257*a + 6715070. Calculate k(-471).
23
Let x(o) = 202*o**2 - 1123*o + 562. What is x(5)?
-3
Let u(v) = 10*v**3 - 214*v**2 + 224*v - 2929. Determine u(21).
11
Let u(i) = 462*i - 19509. Calculate u(47).
2205
Let t(j) = 2*j**3 - 26*j**2 + 35*j - 14. Calculate t(13).
441
Let r(l) = -39*l + 3297. Determine r(12).
2829
Let b(v) = -v**3 - 15*v**2 + 746*v - 168. Determine b(-36).
192
Let u(o) = 759*o - 4792. Give u(6).
-238
Let l(s) = -3017*s + 33074. What is l(10)?
2904
Let s(g) = -4686*g - 22696. What is s(-5)?
734
Let y(k) = k**2 + 3472*k + 52579. Calculate y(-15).
724
Let r(w) = 28294*w - 56605. What is r(2)?
-17
Let j(z) = -2*z**2 + 1440*z + 40817. Determine j(-28).
-1071
Let s(o) = 370*o**2 - 103*o - 13. Give s(-1).
460
Let j(g) = -14*g**2 + 210*g + 476. What is j(-2)?
0
Let j(o) = -43*o**3 - o**2 - 22424*o + 22426. Determine j(1).
-42
Let i(f) = -11*f**2 + 5521*f - 69439. Calculate i(489).
-1
Let y(d) = -20983*d - 5035924. Give y(-240).
-4
Let q(g) = -5*g**2 + 2250*g - 165994. Give q(357).
11
Let j(q) = -2*q**3 + 15*q**2 + 695*q + 427. What is j(23)?
13
Let v(u) = -5*u**3 - 415*u**2 + 422*u + 167. Give v(-84).
-1
Let q(p) = -p**2 - 416*p - 8183. Determine q(-20).
-263
Let s(u) = 69*u**2 + 832*u + 4134. Determine s(-5).
1699
Let q(x) = x**2 + 345*x - 9330. What is q(29)?
1516
Let q(y) = y**2 - 949*y + 225090. Determine q(465).
30
Let y(w) = -w**3 + 4*w**2 + 212*w - 440. Give y(12).
952
Let v(r) = -96*r**3 + 59*r**2 - 80*r + 19. Determine v(1).
-98
Let k(z) = -986*z + 204488. What is k(207)?
386
Let l(k) = 2*k**3 + 316*k**2 + 6149*k - 6745. Calculate l(-24).
47
Let m(n) = -n**3 + 70*n**2 - 1027*n + 3399. Calculate m(14).
-3
Let b(h) = 11*h**2 + 185*h + 635. Determine b(-13).
89
Let b(m) = -m**3 - 183*m**2 + 1348*m + 2823. What is b(-190)?
-597
Let j(c) = -21422*c + 171380. Determine j(8).
4
Let h(j) = -2*j**2 - 1816*j - 368931. Determine h(-307).
83
Let q(a) = -3*a**3 + 2*a**2 - 42*a + 31. What is q(6)?
-797
Let c(q) = 187*q - 2370. Give c(12).
-126
Let w(o) = 135754*o + 950328. Give w(-7).
50
Let a(p) = -p**2 + 59046*p - 3598091. Calculate a(61).
-6
Let v(f) = -f**3 - 73*f**2 - 209*f - 1894. Determine v(-71).
2863
Let b(r) = -3*r**2 + 1020*r + 7278. Give b(-7).
-9
Let s(n) = 7306*n - 591786. What is s(81)?
0
Let k(r) = 3676*r**2 + 316*r + 10. Give k(0).
10
Let m(i) = -13*i**2 + 79*i + 71. Calculate m(6).
77
Let s(t) = -5*t**2 + 343*t + 4566. Determine s(80).
6
Let l(s) = -16*s**2 - 2583*s - 12623. Calculate l(-5).
-108
Let n(i) = -139*i**3 - 9600*i**2 - 618*i + 223. Determine n(-69).
16
Let b(h) = 2*h**3 - 338*h**2 + 6196*h + 2946. Determine b(148).
-14
Let g(i) = -12319*i + 86106. Give g(7).
-127
Let b(s) = 42*s**3 + 11*s**2 - 34*s - 62. Calculate b(-2).
-286
Let f(z) = z**2 - 7402*z + 132738. Calculate f(18).
-174
Let q(w) = 19*w**3 + 167*w**2 - 8*w + 62. Give q(-9).
-190
Let f(g) = -g**2 - 12134*g + 413822. Determine f(34).
110
Let j(r) = -r**2 + 107*r - 617. Determine j(5).
-107
Let a(b) = 2*b**2 + 105*b + 167. Determine a(-56).
559
Let c(m) = 35*m**3 + 4*m**2 - 557*m - 1124. Give c(-2).
-274
Let w(m) = -923*m + 5508. What is w(6)?
-30
Let h(v) = v**2 - 284*v - 21831. Calculate h(-63).
30
Let l(k) = 73165*k - 155. What is l(0)?
-155
Let q(f) = 2*f**3 + 10*f**2 + 46*f + 135. What is q(-4)?
-17
Let a(y) = -19*y**2 + 367*y + 1813. Calculate a(23).
203
Let z(r) = -1345*r**2 + 5411*r - 10820. Calculate z(2).
-5378
Let n(q) = 106*q**2 - 34663*q + 383. Determine n(327).
56
Let s(q) = -10*q**3 + 82*q**2 - 30*q + 130. Calculate s(8).
18
Let z(j) = -3*j**3 - 59*j**2 - 9*j + 78. Determine z(-19).
-473
Let b(g) = -5*g**2 - 937*g - 7205. Give b(-8).
-29
Let w(s) = -89*s + 7442. Calculate w(73).
945
Let o(r) = 1775*r - 26327. Calculate o(15).
298
Let i(j) = 972*j - 309096. Calculate i(318).
0
Let s(t) = -t**3 - 53*t**2 + 189*t - 444. Calculate s(-57).
1779
Let c(r) = -1284*r - 295323. Determine c(-230).
-3
Let f(u) = -286*u**2 - 79508*u + 71. Calculate f(-278).
71
Let q(g) = 4*g**3 - 709*g**2 - 530*g - 689. Determine q(178).
23
Let p(n) = 328024*n + 1640154. What is p(-5)?
34
Let x(s) = -3107*s - 18667. Calculate x(-6).
-25
Let k(h) = 99048*h + 198085. Determine k(-2).
-11
Let w(n) = 26*n**2 - 419*n + 1729. Give w(9).
64
Let y(h) = -117*h - 47261. Give y(-404).
7
Let q(h) = -3*h**2 - 68*h - 278. Calculate q(-4).
-54
Let j(c) = 5*c + 44. Calculate j(-141).
-661
Let c(y) = -177*y + 8666. Calculate c(51).
-361
Let w(c) = -27*c**3 - 9*c**2 - 14*c - 10. Give w(-4).
1630
Let s(u) = 209*u + 9198. Determine s(-44).
2
Let h(k) = -k**3 + 666*k**2 + 1440*k - 69396. What is h(668)?
76
Let x(z) = -1746*z**2 + 43669*z - 474. Determine x(25).
1
Let r(m) = -24*m - 690. Give r(-45).
390
Let f(k) = -496*k + 44622. Give f(91).
-514
Let p(b) = -2516*b + 178435. Calculate p(71).
-201
Let u(g) = 15*g**2 + 98*g - 203. Calculate u(2).
53
Let v(z) = 61150*z + 366844. What is v(-6)?
-56
Let b(u) = u**2 + 466*u + 54206. Calculate b(-242).
-2
Let y(q) = 340*q + 88065. Determine y(-259).
5
Let l(o) = 439519*o - 14504088. Determine l(33).
39
Let y(q) = 156*q**2 - 2377*q - 8. Calculate y(15).
-563
Let i(o) = -435*o + 109830. What is i(249)?
1515
Let o(d) = -75*d**3 - 826*d**2 - 13*d - 45. Determine o(-11).
-23
Let z(v) = -3*v**3 + 18*v**2 - 73*v + 537. Give z(7).
-121
Let a(d) = 7*d**2 + 30631*d - 399393. Give a(13).
-7
Let q(s) = -4*s**3 - 32*s**2 - 35*s + 11. What is q(-8)?
291
Let n(x) = 247*x - 3825. Calculate n(15).
-120
Let c(u) = -u**3 + 233*u**2 - 746*u + 173814. What is c(233)?
-4
Let r(l) = 92*l**2 + 2293*l - 155. Determine r(-25).
20
Let s(n) = n**3 - 74*n**2 - 3*n + 5479. Determine s(73).
-69
Let h(v) = 2*v**2 + 2653*v - 254966. Give h(90).
4
Let a(g) = -15*g**2 + 42*g + 136. What is a(17)?
-3485
Let m(i) = -5156*i**2 + 1144624*i + 1790. Determine m(222).
14
Let h(k) = -6442*k + 154616. Calculate h(24).
8
Let k(y) = y**3 - 42*y**2 - 135*y + 4008. Give k(43).
52
Let l(k) = -k**3 - 70*k**2 + 191*k - 2103. Calculate l(-73).
-59
Let l(p) = -451*p - 9018. Calculate l(-20).
2
Let i(c) = -924*c**2 + 24124*c - 10. Give i(26).
2590
Let q(m) = -68*m**2 - 473*m + 3432. Give q(7).
-3211
Let z(a) = 2082*a - 32808. Determine z(16).
504
Let a(r) = -1902*r - 23286. What is a(-12)?
-462
Let r(p) = 2*p**3 + 68*p**2 + 235*p - 2. Determine r(-4).
18
Let l(i) = -4*i**3 + 260*i**2 + 14*i - 948. Calculate l(65).
-38
Let q(d) = -2*d**2 - 573*d + 345689. Give q(-583).
-30
Let r(i) = 81*i**2 + 366*i + 368. What is r(-2)?
-40
Let g(w) = 423*w**2 + 1137*w + 12. 